{"id":4109,"date":"2021-12-29T08:48:48","date_gmt":"2021-12-29T07:48:48","guid":{"rendered":"https:\/\/igokat.com\/site\/company\/?page_id=4109"},"modified":"2021-12-29T08:53:39","modified_gmt":"2021-12-29T07:53:39","slug":"philia-maillardet-hery","status":"publish","type":"page","link":"https:\/\/igokat.com\/site\/company\/philia-maillardet-hery\/","title":{"rendered":"Philia Maillardet-Hery"},"content":{"rendered":"<div class=\"fusion-fullwidth fullwidth-box fusion-builder-row-1 fusion-flex-container nonhundred-percent-fullwidth non-hundred-percent-height-scrolling\" style=\"--awb-border-radius-top-left:0px;--awb-border-radius-top-right:0px;--awb-border-radius-bottom-right:0px;--awb-border-radius-bottom-left:0px;--awb-flex-wrap:wrap;\" ><div class=\"fusion-builder-row fusion-row fusion-flex-align-items-flex-start fusion-flex-content-wrap\" style=\"max-width:1248px;margin-left: calc(-4% \/ 2 );margin-right: calc(-4% \/ 2 );\"><div class=\"fusion-layout-column fusion_builder_column fusion-builder-column-0 fusion_builder_column_1_1 1_1 fusion-flex-column\" style=\"--awb-bg-blend:overlay;--awb-bg-size:cover;--awb-width-large:100%;--awb-margin-top-large:0px;--awb-spacing-right-large:1.92%;--awb-margin-bottom-large:0px;--awb-spacing-left-large:1.92%;--awb-width-medium:100%;--awb-spacing-right-medium:1.92%;--awb-spacing-left-medium:1.92%;--awb-width-small:100%;--awb-spacing-right-small:1.92%;--awb-spacing-left-small:1.92%;\"><div class=\"fusion-column-wrapper fusion-flex-justify-content-flex-start fusion-content-layout-column\"><div class=\"fusion-text fusion-text-1 fusion-animated\" style=\"--awb-text-transform:none;\" data-animationType=\"fadeInLeft\" data-animationDuration=\"1.0\" data-animationOffset=\"top-into-view\"><\/p>\n<blockquote class=\"wp-block-quote is-layout-flow wp-block-quote-is-layout-flow\">\n<p class=\"western\"><strong>Philia Maillardet-Hery<\/strong> est n\u00e9e en 1982 \u00e0 Besan\u00e7on o\u00f9 elle commence la danse classique d\u00e8s l\u2019\u00e2ge de 4 ans.<\/p>\n<p><strong>De 1986 \u00e0 1994,<\/strong> elle se perfectionne au Conservatoire de Besan\u00e7on.<br>\nElle poursuivra sa formation de jeune danseuse \u00e0 l\u2019\u00e9cole de danse d\u2019Annie Billecard \u00e0 Besan\u00e7on de <strong>1994 \u00e0 2000<\/strong>.<\/p>\n<p><strong>En 2001,<\/strong> elle int\u00e8gre le Ballet Junior de Gen\u00e8ve, dirig\u00e9 par Sean Wood et Patrice Delay, pour b\u00e9n\u00e9ficier d\u2019une formation professionnelle et se produire sur sc\u00e8ne dans des oeuvres de chor\u00e9graphes tels que Thierry Malandin, Ken Ossola, Foofwa d\u2019Immobilit\u00e9, Kirsten Debrock et Sean Wood.<\/p>\n<p><strong>D\u00e8s 2003<\/strong>, elle est engag\u00e9e par le Ballet du Grand Th\u00e9\u00e2tre de Gen\u00e8ve pour pour danser les pi\u00e8ces de John Neumeier, Davide Bombana, Benjamin Millepied, et Kader Belarbi.<\/p>\n<p><b>Par la suite,<\/b> Philia travaille avec plusieurs chor\u00e9graphes &amp; compagnies ind\u00e9pendantes en Suisse, dont la compagnie Igokat.<\/p>\n<p><b>Elle est \u00e9galement invit\u00e9e<\/b> par Sylvie Giron \u00e0 remonter les \u00abPetites pi\u00e8ces de Berlin\u00bb de Dominique Bagouet \u00e0 partir d\u2019une partition de notation Laban au Ballet de Lorraine.<\/p>\n<p><strong>En 2010,<\/strong> elle est engag\u00e9e par la compagnie Alias pour danser la pi\u00e8ce Sideways Rain (chor\u00e9graphie de Guilherme Botelho) en Suisse puis en tourn\u00e9e dans le monde pendant presque 3 ans.<\/p>\n<p><strong>Fin 2012,<\/strong> Philia prend le virage de la reconversion professionnelle et se d\u00e9die au management dans un bureau de design et communication (Le Moigne Family Office) pour exprimer sa cr\u00e9ativit\u00e9 sous une forme nouvelle.<\/p>\n<p><strong>En mars 2020,<\/strong> elle revient sur sc\u00e8ne, invit\u00e9e par la compagnie Igokat pour la cr\u00e9ation The Wall \u00e0 l\u2019Espace Culturel des Terreaux \u00e0 Lausanne.<strong><br>\n<\/strong><\/p>\n<p><strong>Elle est actuellement danseuse Freelance.<\/strong><\/p>\n<p align=\"LEFT\">\n<\/blockquote><\/p>\n<\/div><\/div><\/div><\/div><\/div>","protected":false},"excerpt":{"rendered":"","protected":false},"author":1,"featured_media":0,"parent":0,"menu_order":0,"comment_status":"closed","ping_status":"closed","template":"100-width.php","meta":{"footnotes":""},"class_list":["post-4109","page","type-page","status-publish","hentry"],"_links":{"self":[{"href":"https:\/\/igokat.com\/site\/company\/wp-json\/wp\/v2\/pages\/4109","targetHints":{"allow":["GET"]}}],"collection":[{"href":"https:\/\/igokat.com\/site\/company\/wp-json\/wp\/v2\/pages"}],"about":[{"href":"https:\/\/igokat.com\/site\/company\/wp-json\/wp\/v2\/types\/page"}],"author":[{"embeddable":true,"href":"https:\/\/igokat.com\/site\/company\/wp-json\/wp\/v2\/users\/1"}],"replies":[{"embeddable":true,"href":"https:\/\/igokat.com\/site\/company\/wp-json\/wp\/v2\/comments?post=4109"}],"version-history":[{"count":2,"href":"https:\/\/igokat.com\/site\/company\/wp-json\/wp\/v2\/pages\/4109\/revisions"}],"predecessor-version":[{"id":4113,"href":"https:\/\/igokat.com\/site\/company\/wp-json\/wp\/v2\/pages\/4109\/revisions\/4113"}],"wp:attachment":[{"href":"https:\/\/igokat.com\/site\/company\/wp-json\/wp\/v2\/media?parent=4109"}],"curies":[{"name":"wp","href":"https:\/\/api.w.org\/{rel}","templated":true}]}}