{"id":4125,"date":"2021-12-29T09:22:25","date_gmt":"2021-12-29T08:22:25","guid":{"rendered":"https:\/\/igokat.com\/site\/company\/?page_id=4125"},"modified":"2021-12-29T09:44:48","modified_gmt":"2021-12-29T08:44:48","slug":"emma-sandall","status":"publish","type":"page","link":"https:\/\/igokat.com\/site\/company\/emma-sandall\/","title":{"rendered":"Emma Sandall"},"content":{"rendered":"<div class=\"fusion-fullwidth fullwidth-box fusion-builder-row-1 fusion-flex-container nonhundred-percent-fullwidth non-hundred-percent-height-scrolling\" style=\"--awb-border-radius-top-left:0px;--awb-border-radius-top-right:0px;--awb-border-radius-bottom-right:0px;--awb-border-radius-bottom-left:0px;--awb-flex-wrap:wrap;\" ><div class=\"fusion-builder-row fusion-row fusion-flex-align-items-flex-start fusion-flex-content-wrap\" style=\"max-width:1248px;margin-left: calc(-4% \/ 2 );margin-right: calc(-4% \/ 2 );\"><div class=\"fusion-layout-column fusion_builder_column fusion-builder-column-0 fusion_builder_column_1_1 1_1 fusion-flex-column\" style=\"--awb-bg-blend:overlay;--awb-bg-size:cover;--awb-width-large:100%;--awb-margin-top-large:0px;--awb-spacing-right-large:1.92%;--awb-margin-bottom-large:0px;--awb-spacing-left-large:1.92%;--awb-width-medium:100%;--awb-spacing-right-medium:1.92%;--awb-spacing-left-medium:1.92%;--awb-width-small:100%;--awb-spacing-right-small:1.92%;--awb-spacing-left-small:1.92%;\"><div class=\"fusion-column-wrapper fusion-flex-justify-content-flex-start fusion-content-layout-column\"><div class=\"fusion-text fusion-text-1 fusion-animated\" style=\"--awb-text-transform:none;\" data-animationType=\"fadeInLeft\" data-animationDuration=\"1.0\" data-animationOffset=\"top-into-view\"><p>&nbsp;<\/p>\n<blockquote class=\"wp-block-quote is-layout-flow wp-block-quote-is-layout-flow\">\n<p class=\"western\"><strong>Emma Sandall<\/strong> est n\u00e9e en Australie et a fait ses \u00e9tudes \u00e0 l\u2019Academy Ballet Sydney. Elle a gagn\u00e9 la m\u00e9daille d\u2019argent au concours Adeline Gen\u00e9e Awards en 1993 et une Bourse du Prix de Lausanne en 1994. Elle a continu\u00e9 ses \u00e9tudes au Royal Ballet School \u00e0 Londres et l\u2019Australian Ballet School.<\/p>\n<p><strong>Gr\u00e2ce \u00e0 sa carri\u00e8re internationale,<\/strong> elle travaille avec des professeurs de renom comme Azari Plissetski, Maina Gielgud, Galina Panova, Renato Paroni di Castro, Antonia Francesci, Simon Dow, David Howard, Christine Anthony, Ivan Cavallari et Garry Trinder. Elle d\u00e9couvre diff\u00e9rentes techniques tels que: la technique Maggie Black, Gaga, et divers styles de danse contemporaine et improvisation.<\/p>\n<p><strong>Elle a dans\u00e9<\/strong> dans de nombreuses compagnies internationales y compris le B\u00e9jart Ballet Lausanne, le Royal Ballet de Londres, Scottish Ballet, West Australian Ballet et Ludwig (une compagnie de danse ind\u00e9pendante) o\u00f9 elle a interpr\u00e9t\u00e9 des r\u00f4les de soliste et premi\u00e8re danseuse y compris Myrta, Queen of the Willis\u2013Giselle (Cavallari), Choleric\u2013Four Temperaments (Balanchine), Sugar Plum Fairy\u2013Casse Noisette (B\u00e9jart);,L\u2019Elue\u2013Sacre du Printemps (B\u00e9jart), Alice\u2013Alice (Dow), Swanhilda\u2013Coppelia (Parrott), Cinderella\u2013Cinderella (Dow), Titania\u2013A Midsummer Night\u2019s Dream (Parrott), Bolero (Zuska), Step Lightly (Lightfoot), Pas de Six\u2013Taming of the Shrew (Cranko), Kalmuk (Oetinen), Artifact Forsythe), Middlesex Gorge (Petronio), Cheating Lying Stealing (Page), Danse Arabe\u2013Casse Noisette (B\u00e9jart), Juliet\u2013Romeo and Juliet (B\u00e9jart), Altenberg (B\u00e9jart), Mutationx (B\u00e9jart) et Clara\u2013The Nutcracker (Cavallari), entre autres.<\/p>\n<p><strong>En 2009,<\/strong> elle cr\u00e9e (avec Cass Mortimer-Eipper) une compagnie de danse ind\u00e9pendante \u00e0 Perth pour cr\u00e9er et danser des chor\u00e9graphies originales, y compris Fleck&amp;Flecker (co-cr\u00e9\u00e9e avec Cass Mortimer-Eipper) qui gagna le prix \u2018Outstanding Achievement in Choreography\u2019, BodySong, un court solo qui fut dans\u00e9 lors des finals du Stuttgart Solo Dance Theater Festival en mars 2012 ainsi que Crossing Satie, un court solo qui gagna la m\u00e9daille de Bronze en 2011 au Premio Roma Danza; La Jeune Fille et la Mort, (co-cr\u00e9\u00e9e avec Sthan Kabar-Louet). Elle cr\u00e9a plusieurs pas de deux pour les candidates de l\u2019\u00e9mission t\u00e9l\u00e9vis\u00e9e \u2018So You Think You Can Dance Australia\u2019 en 2010.<\/p>\n<p><strong>En octobre 2015,<\/strong> elle est premi\u00e8re danseuse avec la Compagnie Igokat dans \u00abDansebook\u00bb \u00e0 l\u2019Espace Culturel des Terreaux \u00e0 Lausanne.<\/p>\n<p><strong>Elle est professeur et coach invit\u00e9e<\/strong> dans de nombreuses \u00e9coles et compagnies internationales y compris Ga\u2019aton Workshop, Kibbutz Contemporary Dance Company et l\u2019Israeli Ballet (Israel); Atelier Rudra Lausanne et l\u2019Acad\u00e9mie de danse Igokat (Suisse); Sydney Dance Company, Brent Street Academy, Ev&amp;Bow et Academy Ballet (Sydney); Strut Dance, Ludwig, Link Dance Company et l\u2019Academie Etoiles (Perth); Dance Creation et Dance Your Heart Out\u2013Ausdance Victoria (Melbourne).<\/p>\n<p><strong>Emma est actuellement journaliste pour Dance Australia Magazine et Dance Europe Magazine ainsi que professeur, chor\u00e9graphe et danseuse free-lance.<\/strong><\/p>\n<\/blockquote>\n<p>&nbsp;<\/p>\n<\/div><\/div><\/div><\/div><\/div>","protected":false},"excerpt":{"rendered":"","protected":false},"author":1,"featured_media":0,"parent":0,"menu_order":0,"comment_status":"closed","ping_status":"closed","template":"100-width.php","meta":{"footnotes":""},"class_list":["post-4125","page","type-page","status-publish","hentry"],"_links":{"self":[{"href":"https:\/\/igokat.com\/site\/company\/wp-json\/wp\/v2\/pages\/4125","targetHints":{"allow":["GET"]}}],"collection":[{"href":"https:\/\/igokat.com\/site\/company\/wp-json\/wp\/v2\/pages"}],"about":[{"href":"https:\/\/igokat.com\/site\/company\/wp-json\/wp\/v2\/types\/page"}],"author":[{"embeddable":true,"href":"https:\/\/igokat.com\/site\/company\/wp-json\/wp\/v2\/users\/1"}],"replies":[{"embeddable":true,"href":"https:\/\/igokat.com\/site\/company\/wp-json\/wp\/v2\/comments?post=4125"}],"version-history":[{"count":3,"href":"https:\/\/igokat.com\/site\/company\/wp-json\/wp\/v2\/pages\/4125\/revisions"}],"predecessor-version":[{"id":4140,"href":"https:\/\/igokat.com\/site\/company\/wp-json\/wp\/v2\/pages\/4125\/revisions\/4140"}],"wp:attachment":[{"href":"https:\/\/igokat.com\/site\/company\/wp-json\/wp\/v2\/media?parent=4125"}],"curies":[{"name":"wp","href":"https:\/\/api.w.org\/{rel}","templated":true}]}}