{"id":4149,"date":"2021-12-29T11:01:34","date_gmt":"2021-12-29T10:01:34","guid":{"rendered":"https:\/\/igokat.com\/site\/company\/?page_id=4149"},"modified":"2021-12-29T11:07:01","modified_gmt":"2021-12-29T10:07:01","slug":"roman-conrad","status":"publish","type":"page","link":"https:\/\/igokat.com\/site\/company\/roman-conrad\/","title":{"rendered":"Roman Conrad"},"content":{"rendered":"<div class=\"fusion-fullwidth fullwidth-box fusion-builder-row-1 fusion-flex-container nonhundred-percent-fullwidth non-hundred-percent-height-scrolling\" style=\"--awb-border-radius-top-left:0px;--awb-border-radius-top-right:0px;--awb-border-radius-bottom-right:0px;--awb-border-radius-bottom-left:0px;--awb-flex-wrap:wrap;\" ><div class=\"fusion-builder-row fusion-row fusion-flex-align-items-flex-start fusion-flex-content-wrap\" style=\"max-width:1248px;margin-left: calc(-4% \/ 2 );margin-right: calc(-4% \/ 2 );\"><div class=\"fusion-layout-column fusion_builder_column fusion-builder-column-0 fusion_builder_column_1_1 1_1 fusion-flex-column\" style=\"--awb-bg-blend:overlay;--awb-bg-size:cover;--awb-width-large:100%;--awb-margin-top-large:0px;--awb-spacing-right-large:1.92%;--awb-margin-bottom-large:0px;--awb-spacing-left-large:1.92%;--awb-width-medium:100%;--awb-spacing-right-medium:1.92%;--awb-spacing-left-medium:1.92%;--awb-width-small:100%;--awb-spacing-right-small:1.92%;--awb-spacing-left-small:1.92%;\"><div class=\"fusion-column-wrapper fusion-flex-justify-content-flex-start fusion-content-layout-column\"><div class=\"fusion-text fusion-text-1 fusion-animated\" style=\"--awb-text-transform:none;\" data-animationType=\"fadeInLeft\" data-animationDuration=\"1.0\" data-animationOffset=\"top-into-view\"><p>&nbsp;<\/p>\n<blockquote class=\"wp-block-quote is-layout-flow wp-block-quote-is-layout-flow\"><p><strong>Roman Conrad <\/strong>est n\u00e9 \u00e0 Gen\u00e8ve en 1990, il d\u00e9bute la danse \u00e0 l\u2019\u00e2ge de 9 ans \u00e0 Nyon, ensuite il part se perfectioner \u00e0 Lausanne dans le programme danse-\u00e9tude de l\u2019Association pour la formation des jeunes danseurs.<\/p>\n<p><strong>En 2007,<\/strong> \u00e0 l\u2019\u00e2ge de 17 ans, il rejoint la prestigieuse \u00e9cole de Ballet d\u2019 Hambourg (John Neumeier) en Allemagne o\u00f9 il obtient son dipl\u00f4me de danseur professionnel en 2009.<\/p>\n<p><strong>Durant cette p\u00e9riode,<\/strong> il est laur\u00e9at de la tr\u00e8s convoit\u00e9e bourse Migros pour l\u2019aide aux jeunes danseurs.<\/p>\n<p><strong>Apr\u00e8s avoir obtenu son dipl\u00f4me,<\/strong> il est engag\u00e9 au sein du Ballet d\u2019Europe \u00e0 Marseille puis au Ballet National de Lorraine \u00e0 Nancy.<\/p>\n<p><strong>Par la suite<\/strong> il entame des recherches en danse baroque o\u00f9 il rejoint sa s\u0153ur violoniste.<\/p>\n<p><strong>En novembre et d\u00e9cembre 2018,<\/strong> il est danseur soliste avec la Compagnie Igokat dans \u00abIl Maestro Vivaldi\u00bb \u00e0 l\u2019Espace Culturel des Terreaux \u00e0 Lausanne.<\/p>\n<p><strong>Il est actuellement danseur free-lance, il r\u00e9pond \u00e0 divers engagements et enseigne dans plusieurs \u00e9coles romandes de danse.<\/strong><\/p>\n<\/blockquote>\n<\/div><\/div><\/div><\/div><\/div>","protected":false},"excerpt":{"rendered":"","protected":false},"author":1,"featured_media":0,"parent":0,"menu_order":0,"comment_status":"closed","ping_status":"closed","template":"100-width.php","meta":{"footnotes":""},"class_list":["post-4149","page","type-page","status-publish","hentry"],"_links":{"self":[{"href":"https:\/\/igokat.com\/site\/company\/wp-json\/wp\/v2\/pages\/4149","targetHints":{"allow":["GET"]}}],"collection":[{"href":"https:\/\/igokat.com\/site\/company\/wp-json\/wp\/v2\/pages"}],"about":[{"href":"https:\/\/igokat.com\/site\/company\/wp-json\/wp\/v2\/types\/page"}],"author":[{"embeddable":true,"href":"https:\/\/igokat.com\/site\/company\/wp-json\/wp\/v2\/users\/1"}],"replies":[{"embeddable":true,"href":"https:\/\/igokat.com\/site\/company\/wp-json\/wp\/v2\/comments?post=4149"}],"version-history":[{"count":4,"href":"https:\/\/igokat.com\/site\/company\/wp-json\/wp\/v2\/pages\/4149\/revisions"}],"predecessor-version":[{"id":4156,"href":"https:\/\/igokat.com\/site\/company\/wp-json\/wp\/v2\/pages\/4149\/revisions\/4156"}],"wp:attachment":[{"href":"https:\/\/igokat.com\/site\/company\/wp-json\/wp\/v2\/media?parent=4149"}],"curies":[{"name":"wp","href":"https:\/\/api.w.org\/{rel}","templated":true}]}}

<div class="fusion-fullwidth fullwidth-box fusion-builder-row-1 fusion-flex-container nonhundred-percent-fullwidth non-hundred-percent-height-scrolling" style="--awb-border-radius-top-left:0px;--awb-border-radius-top-right:0px;--awb-border-radius-bottom-right:0px;--awb-border-radius-bottom-left:0px;--awb-flex-wrap:wrap;" ><div class="fusion-builder-row fusion-row fusion-flex-align-items-flex-start fusion-flex-content-wrap" style="max-width:1248px;margin-left: calc(-4% / 2 );margin-right: calc(-4% / 2 );"><div class="fusion-layout-column fusion_builder_column fusion-builder-column-0 fusion_builder_column_1_1 1_1 fusion-flex-column" style="--awb-bg-blend:overlay;--awb-bg-size:cover;--awb-width-large:100%;--awb-margin-top-large:0px;--awb-spacing-right-large:1.92%;--awb-margin-bottom-large:0px;--awb-spacing-left-large:1.92%;--awb-width-medium:100%;--awb-spacing-right-medium:1.92%;--awb-spacing-left-medium:1.92%;--awb-width-small:100%;--awb-spacing-right-small:1.92%;--awb-spacing-left-small:1.92%;"><div class="fusion-column-wrapper fusion-flex-justify-content-flex-start fusion-content-layout-column"><div class="fusion-text fusion-text-1 fusion-animated" style="--awb-text-transform:none;" data-animationType="fadeInLeft" data-animationDuration="1.0" data-animationOffset="top-into-view"><p>&nbsp;</p>
<blockquote class="wp-block-quote is-layout-flow wp-block-quote-is-layout-flow"><p><strong>Roman Conrad </strong>est né à Genève en 1990, il débute la danse à l’âge de 9 ans à Nyon, ensuite il part se perfectioner à Lausanne dans le programme danse-étude de l’Association pour la formation des jeunes danseurs.</p>
<p><strong>En 2007,</strong> à l’âge de 17 ans, il rejoint la prestigieuse école de Ballet d’ Hambourg (John Neumeier) en Allemagne où il obtient son diplôme de danseur professionnel en 2009.</p>
<p><strong>Durant cette période,</strong> il est lauréat de la très convoitée bourse Migros pour l’aide aux jeunes danseurs.</p>
<p><strong>Après avoir obtenu son diplôme,</strong> il est engagé au sein du Ballet d’Europe à Marseille puis au Ballet National de Lorraine à Nancy.</p>
<p><strong>Par la suite</strong> il entame des recherches en danse baroque où il rejoint sa sœur violoniste.</p>
<p><strong>En novembre et décembre 2018,</strong> il est danseur soliste avec la Compagnie Igokat dans «Il Maestro Vivaldi» à l’Espace Culturel des Terreaux à Lausanne.</p>
<p><strong>Il est actuellement danseur free-lance, il répond à divers engagements et enseigne dans plusieurs écoles romandes de danse.</strong></p>
</blockquote>
</div></div></div></div></div>
