{"id":4206,"date":"2021-12-29T15:51:04","date_gmt":"2021-12-29T14:51:04","guid":{"rendered":"https:\/\/igokat.com\/site\/company\/?page_id=4206"},"modified":"2022-11-06T17:48:20","modified_gmt":"2022-11-06T16:48:20","slug":"pauline-schopfer-2","status":"publish","type":"page","link":"https:\/\/igokat.com\/site\/company\/en\/pauline-schopfer-2\/","title":{"rendered":"Pauline Schopfer"},"content":{"rendered":"<div class=\"fusion-fullwidth fullwidth-box fusion-builder-row-1 fusion-flex-container nonhundred-percent-fullwidth non-hundred-percent-height-scrolling\" style=\"--awb-border-radius-top-left:0px;--awb-border-radius-top-right:0px;--awb-border-radius-bottom-right:0px;--awb-border-radius-bottom-left:0px;--awb-flex-wrap:wrap;\" ><div class=\"fusion-builder-row fusion-row fusion-flex-align-items-flex-start fusion-flex-content-wrap\" style=\"max-width:1248px;margin-left: calc(-4% \/ 2 );margin-right: calc(-4% \/ 2 );\"><div class=\"fusion-layout-column fusion_builder_column fusion-builder-column-0 fusion_builder_column_1_1 1_1 fusion-flex-column\" style=\"--awb-bg-blend:overlay;--awb-bg-size:cover;--awb-width-large:100%;--awb-margin-top-large:0px;--awb-spacing-right-large:1.92%;--awb-margin-bottom-large:0px;--awb-spacing-left-large:1.92%;--awb-width-medium:100%;--awb-spacing-right-medium:1.92%;--awb-spacing-left-medium:1.92%;--awb-width-small:100%;--awb-spacing-right-small:1.92%;--awb-spacing-left-small:1.92%;\"><div class=\"fusion-column-wrapper fusion-flex-justify-content-flex-start fusion-content-layout-column\"><div class=\"fusion-text fusion-text-1 fusion-animated\" style=\"--awb-text-transform:none;\" data-animationType=\"fadeInLeft\" data-animationDuration=\"1.0\" data-animationOffset=\"top-into-view\"><\/p>\n<blockquote class=\"wp-block-quote is-layout-flow wp-block-quote-is-layout-flow\">\n<p class=\"western\"><strong>Pauline Schopfer <\/strong><span class=\"Y2IQFc\" lang=\"en\">was born in Lausanne in 1992 and discovered dance at the age of 7 with Brigitte Roman. <\/span><\/p>\n<p class=\"western\"><span class=\"Y2IQFc\" lang=\"en\"><strong>She continued<\/strong> her training in Geneva with Genevi\u00e8ve Chaussat, obtained in 2003 the \u201cDegree V\u201d diploma from the Royal Academy of Dance (RAD) with distinction, and then in 2004, the \u201cIntermediate Foundation\u201d degree with distinction.<\/span><\/p>\n<p class=\"western\"><span class=\"Y2IQFc\" lang=\"en\"><strong>In 2007,<\/strong> Pauline was accepted into the AFJD (Association for the Training of Young Dancers), a Dance-Study course, in which she completed her compulsory education while studying dance.<\/span><\/p>\n<p class=\"western\"><span class=\"Y2IQFc\" lang=\"en\"><b>In 2008,<\/b> she successfully passed the audition to enter the Ecole Sup\u00e9rieure de Danse de Cannes Rosella Hightower (France), under the direction of Monique Loudi\u00e8res and then Paola Cantaluppo. <br>For 3 years, she trained with many international teachers and devoted herself to her baccalaureate.<\/span><\/p>\n<p class=\"western\"><span class=\"Y2IQFc\" lang=\"en\"><b>In 2011 <\/b>she obtained her E.A.T (Technical Aptitude Examination), U.V (Value Units) in dance history and music. That same year, she passed her baccalaureate in economics and social sciences with honors. In particular, she obtained marks of 20\/20 in the sports and art dance option events. In September 2011, she joined the European Ballet in London as an intern, under the direction of Stanislav Tchassov. She took part in many shows, notably in The Nutcracker and Copp\u00e9lia.<\/span><\/p>\n<p class=\"western\"><span class=\"Y2IQFc\" lang=\"en\"><b>In 2011,<\/b> she continued her training at the Igokat Center in Lausanne under the direction of Igor Piovano and Kathryn Bradney (former dancers and ballet master and mistress of the B\u00e9jart Ballet Lausanne) following which she danced as a soloist in the shows \u201cChatouille\u201d and \u201cAlice au Wonderland\u201d in 2014 and 2015.<\/span><\/p>\n<p class=\"western\"><span class=\"Y2IQFc\" lang=\"en\"><b>In August 2012, <\/b>she worked with the company Organon and danced as a soloist in the play Pygmalion, playing the role of the statue Galath\u00e9e (directed by Simone Audemars). Then, at the end of the year, she danced with the Tanztheaterpasi\u00f2n Company under the direction of Noelle Kuhn in Begegnungen, a project that  was presented for three consecutive weeks in the city of Chur (Graub\u00fcnden, Switzerland).<\/span><\/p>\n<div id=\"tw-target-text-container\" class=\"tw-ta-container F0azHf tw-nfl\" tabindex=\"0\">\n<p class=\"tw-data-text tw-text-large tw-ta\" dir=\"ltr\" data-placeholder=\"Traduction\"><span class=\"Y2IQFc\" lang=\"en\"><b>In 2013,<\/b> she participated in an original Oratorio \u201cElie\u201d, taken from the Book of Kings. The music, composed by Olivier Rossel, mixes dance, music and song. Pauline worked in collaboration with two other dancers to develop the choreographies which were presented throughout French-speaking Switzerland and France.<\/span><\/p>\n<p class=\"tw-data-text tw-text-large tw-ta\" dir=\"ltr\" data-placeholder=\"Traduction\"><span class=\"Y2IQFc\" lang=\"en\"><strong>Since 2013, <\/strong>she has been teaching classical ballet, modern dance and stretching  at the Igokat Center in Lausanne.<\/span><\/p>\n<p class=\"tw-data-text tw-text-large tw-ta\" dir=\"ltr\" data-placeholder=\"Traduction\"><span class=\"Y2IQFc\" lang=\"en\"><strong>In October 2013,<\/strong> she danced as a soloist with the Igokat Company in &#8220;Give &amp; Take&#8221; at the Espace Culturel des Terreaux in Lausanne. <\/span><\/p>\n<p class=\"tw-data-text tw-text-large tw-ta\" dir=\"ltr\" data-placeholder=\"Traduction\"><span class=\"Y2IQFc\" lang=\"en\"><strong>In November 2013,<\/strong> she danced as a soloist with the Compagnie Octavio de la Roza in &#8220;Want to dance Gainsbourg&#8221; in Avignon (France). <\/span><\/p>\n<p class=\"tw-data-text tw-text-large tw-ta\" dir=\"ltr\" data-placeholder=\"Traduction\"><span class=\"Y2IQFc\" lang=\"en\"><strong>In December 2013,<\/strong> she danced as a soloist with the Igokat Company in excerpts from &#8220;Give &amp; Take&#8221; for the reopening of the Olympic Museum in Lausanne. <\/span><\/p>\n<p class=\"tw-data-text tw-text-large tw-ta\" dir=\"ltr\" data-placeholder=\"Traduction\"><span class=\"Y2IQFc\" lang=\"en\"><strong>In August 2014,<\/strong> she became an instructor for \u201cJeunesse &amp; Sport\u201d Switzerland in the disciplines of gymnastics and dance. <\/span><\/p>\n<p class=\"tw-data-text tw-text-large tw-ta\" dir=\"ltr\" data-placeholder=\"Traduction\"><span class=\"Y2IQFc\" lang=\"en\"><strong>In October and November 2014,<\/strong> she danced as a soloist with the Igokat Company in &#8220;Vouloir c\u2019est Pouvoir&#8221; at the Espace Culturel des Terreaux in Lausanne. <\/span><\/p>\n<p class=\"tw-data-text tw-text-large tw-ta\" dir=\"ltr\" data-placeholder=\"Traduction\"><span class=\"Y2IQFc\" lang=\"en\"><strong>In March 2015,<\/strong> she became an instructor for \u201cJeunesse &amp; Sport\u201d Switzerland for children in the disciplines of gymnastics and dance. <\/span><\/p>\n<p class=\"tw-data-text tw-text-large tw-ta\" dir=\"ltr\" data-placeholder=\"Traduction\"><span class=\"Y2IQFc\" lang=\"en\"><strong>In October and November 2015,<\/strong> she danced as a soloist with the Igokat Company in &#8220;dansebook&#8221; at the Espace Culturel des Terreaux in Lausanne.<\/span><\/p>\n<\/div>\n<div id=\"tw-target-rmn-container\" class=\"tw-target-rmn tw-ta-container F0azHf tw-nfl\">\n<p id=\"tw-target-text\" class=\"tw-data-text tw-text-large tw-ta\" dir=\"ltr\" data-placeholder=\"Traduction\"><span class=\"Y2IQFc\" lang=\"en\"><strong><br>In December 2015 and January 2016,<\/strong> she was hired as a dancer for the Op\u00e9ra de Lausanne in &#8220;My Fair Lady&#8221;. <\/span><\/p>\n<p class=\"tw-data-text tw-text-large tw-ta\" dir=\"ltr\" data-placeholder=\"Traduction\"><span class=\"Y2IQFc\" lang=\"en\"><strong>In January 2016,<\/strong> she danced as a soloist with the Igokat Company in \u201cdansebook\u201d at the Th\u00e9\u00e2tre de Colombier in Neuch\u00e2tel. <\/span><\/p>\n<p class=\"tw-data-text tw-text-large tw-ta\" dir=\"ltr\" data-placeholder=\"Traduction\"><span class=\"Y2IQFc\" lang=\"en\"><strong>In July 2016,<\/strong> she was soloist with the Comapgnie Octavio de la Roza in &#8220;Do you want to dance Gainsbourg&#8221; at the Festival off d&#8217;Avignon (France). <\/span><\/p>\n<p class=\"tw-data-text tw-text-large tw-ta\" dir=\"ltr\" data-placeholder=\"Traduction\"><span class=\"Y2IQFc\" lang=\"en\"><strong>In November 2016,<\/strong> she was a soloist with the Igokat Company in &#8220;Romeo seeks Juliet&#8221; at the Espace Culturel des Terreaux in Lausanne. <\/span><\/p>\n<p class=\"tw-data-text tw-text-large tw-ta\" dir=\"ltr\" data-placeholder=\"Traduction\"><span class=\"Y2IQFc\" lang=\"en\"><strong>In November 2017,<\/strong> she was a soloist with the Igokat Company in &#8220;Petrouchka&#8221; at the Espace Culturel des Terreaux in Lausanne. <\/span><\/p>\n<p class=\"tw-data-text tw-text-large tw-ta\" dir=\"ltr\" data-placeholder=\"Traduction\"><span class=\"Y2IQFc\" lang=\"en\"><strong>Since September 2018,<\/strong> she has been a soloist for the Croisi\u00e8res TUI Cruises &#8211; Mein Schiff shows. <\/span><\/p>\n<p class=\"tw-data-text tw-text-large tw-ta\" dir=\"ltr\" data-placeholder=\"Traduction\"><span class=\"Y2IQFc\" lang=\"en\"><strong>In September 2019,<\/strong> she participated in the Tedx Lausanne event where she choreographed and danced her own solo on the theme of limits at the Th\u00e9\u00e2tre de l&#8217;Octogone in Lausanne. <\/span><\/p>\n<p class=\"tw-data-text tw-text-large tw-ta\" dir=\"ltr\" data-placeholder=\"Traduction\"><span class=\"Y2IQFc\" lang=\"en\"><strong>In September and October 2019,<\/strong> she danced with the company Etat de Corps in Paris in the show &#8220;Au fil de l&#8217;eau&#8221; choreographed by Julie Magneville and produced at the Geneva Arena. <\/span><\/p>\n<p class=\"tw-data-text tw-text-large tw-ta\" dir=\"ltr\" data-placeholder=\"Traduction\"><span class=\"Y2IQFc\" lang=\"en\"><strong>In March 2020,<\/strong> she was principal dancer with the Igokat Company in &#8220;The Wall&#8221; at the Espace Culturel des Terreaux in Lausanne. <\/span><\/p>\n<p class=\"tw-data-text tw-text-large tw-ta\" dir=\"ltr\" data-placeholder=\"Traduction\"><span class=\"Y2IQFc\" lang=\"en\"><strong>In October 2021,<\/strong> she was principal dancer with the Igokat Company in &#8220;L&#8217;Hymne \u00e0 la Joie&#8221; at the Espace Culturel des Terreaux in Lausanne. <\/span><\/p>\n<p class=\"tw-data-text tw-text-large tw-ta\" dir=\"ltr\" data-placeholder=\"Traduction\"><strong><span class=\"Y2IQFc\" lang=\"en\">She is currently a dancer with the Compagnie Igokat, dancer, teacher and freelance choreographer.<\/span><\/strong><\/p>\n<\/div>\n<\/blockquote><\/p>\n<\/div><\/div><\/div><\/div><\/div>","protected":false},"excerpt":{"rendered":"","protected":false},"author":1,"featured_media":0,"parent":0,"menu_order":0,"comment_status":"closed","ping_status":"closed","template":"100-width.php","meta":{"footnotes":""},"class_list":["post-4206","page","type-page","status-publish","hentry"],"_links":{"self":[{"href":"https:\/\/igokat.com\/site\/company\/wp-json\/wp\/v2\/pages\/4206","targetHints":{"allow":["GET"]}}],"collection":[{"href":"https:\/\/igokat.com\/site\/company\/wp-json\/wp\/v2\/pages"}],"about":[{"href":"https:\/\/igokat.com\/site\/company\/wp-json\/wp\/v2\/types\/page"}],"author":[{"embeddable":true,"href":"https:\/\/igokat.com\/site\/company\/wp-json\/wp\/v2\/users\/1"}],"replies":[{"embeddable":true,"href":"https:\/\/igokat.com\/site\/company\/wp-json\/wp\/v2\/comments?post=4206"}],"version-history":[{"count":5,"href":"https:\/\/igokat.com\/site\/company\/wp-json\/wp\/v2\/pages\/4206\/revisions"}],"predecessor-version":[{"id":5217,"href":"https:\/\/igokat.com\/site\/company\/wp-json\/wp\/v2\/pages\/4206\/revisions\/5217"}],"wp:attachment":[{"href":"https:\/\/igokat.com\/site\/company\/wp-json\/wp\/v2\/media?parent=4206"}],"curies":[{"name":"wp","href":"https:\/\/api.w.org\/{rel}","templated":true}]}}

<div class="fusion-fullwidth fullwidth-box fusion-builder-row-1 fusion-flex-container nonhundred-percent-fullwidth non-hundred-percent-height-scrolling" style="--awb-border-radius-top-left:0px;--awb-border-radius-top-right:0px;--awb-border-radius-bottom-right:0px;--awb-border-radius-bottom-left:0px;--awb-flex-wrap:wrap;" ><div class="fusion-builder-row fusion-row fusion-flex-align-items-flex-start fusion-flex-content-wrap" style="max-width:1248px;margin-left: calc(-4% / 2 );margin-right: calc(-4% / 2 );"><div class="fusion-layout-column fusion_builder_column fusion-builder-column-0 fusion_builder_column_1_1 1_1 fusion-flex-column" style="--awb-bg-blend:overlay;--awb-bg-size:cover;--awb-width-large:100%;--awb-margin-top-large:0px;--awb-spacing-right-large:1.92%;--awb-margin-bottom-large:0px;--awb-spacing-left-large:1.92%;--awb-width-medium:100%;--awb-spacing-right-medium:1.92%;--awb-spacing-left-medium:1.92%;--awb-width-small:100%;--awb-spacing-right-small:1.92%;--awb-spacing-left-small:1.92%;"><div class="fusion-column-wrapper fusion-flex-justify-content-flex-start fusion-content-layout-column"><div class="fusion-text fusion-text-1 fusion-animated" style="--awb-text-transform:none;" data-animationType="fadeInLeft" data-animationDuration="1.0" data-animationOffset="top-into-view"></p>
<blockquote class="wp-block-quote is-layout-flow wp-block-quote-is-layout-flow">
<p class="western"><strong>Pauline Schopfer </strong><span class="Y2IQFc" lang="en">was born in Lausanne in 1992 and discovered dance at the age of 7 with Brigitte Roman. </span></p>
<p class="western"><span class="Y2IQFc" lang="en"><strong>She continued</strong> her training in Geneva with Geneviève Chaussat, obtained in 2003 the “Degree V” diploma from the Royal Academy of Dance (RAD) with distinction, and then in 2004, the “Intermediate Foundation” degree with distinction.</span></p>
<p class="western"><span class="Y2IQFc" lang="en"><strong>In 2007,</strong> Pauline was accepted into the AFJD (Association for the Training of Young Dancers), a Dance-Study course, in which she completed her compulsory education while studying dance.</span></p>
<p class="western"><span class="Y2IQFc" lang="en"><b>In 2008,</b> she successfully passed the audition to enter the Ecole Supérieure de Danse de Cannes Rosella Hightower (France), under the direction of Monique Loudières and then Paola Cantaluppo. <br>For 3 years, she trained with many international teachers and devoted herself to her baccalaureate.</span></p>
<p class="western"><span class="Y2IQFc" lang="en"><b>In 2011 </b>she obtained her E.A.T (Technical Aptitude Examination), U.V (Value Units) in dance history and music. That same year, she passed her baccalaureate in economics and social sciences with honors. In particular, she obtained marks of 20/20 in the sports and art dance option events. In September 2011, she joined the European Ballet in London as an intern, under the direction of Stanislav Tchassov. She took part in many shows, notably in The Nutcracker and Coppélia.</span></p>
<p class="western"><span class="Y2IQFc" lang="en"><b>In 2011,</b> she continued her training at the Igokat Center in Lausanne under the direction of Igor Piovano and Kathryn Bradney (former dancers and ballet master and mistress of the Béjart Ballet Lausanne) following which she danced as a soloist in the shows “Chatouille” and “Alice au Wonderland” in 2014 and 2015.</span></p>
<p class="western"><span class="Y2IQFc" lang="en"><b>In August 2012, </b>she worked with the company Organon and danced as a soloist in the play Pygmalion, playing the role of the statue Galathée (directed by Simone Audemars). Then, at the end of the year, she danced with the Tanztheaterpasiòn Company under the direction of Noelle Kuhn in Begegnungen, a project that  was presented for three consecutive weeks in the city of Chur (Graubünden, Switzerland).</span></p>
<div id="tw-target-text-container" class="tw-ta-container F0azHf tw-nfl" tabindex="0">
<p class="tw-data-text tw-text-large tw-ta" dir="ltr" data-placeholder="Traduction"><span class="Y2IQFc" lang="en"><b>In 2013,</b> she participated in an original Oratorio “Elie”, taken from the Book of Kings. The music, composed by Olivier Rossel, mixes dance, music and song. Pauline worked in collaboration with two other dancers to develop the choreographies which were presented throughout French-speaking Switzerland and France.</span></p>
<p class="tw-data-text tw-text-large tw-ta" dir="ltr" data-placeholder="Traduction"><span class="Y2IQFc" lang="en"><strong>Since 2013, </strong>she has been teaching classical ballet, modern dance and stretching  at the Igokat Center in Lausanne.</span></p>
<p class="tw-data-text tw-text-large tw-ta" dir="ltr" data-placeholder="Traduction"><span class="Y2IQFc" lang="en"><strong>In October 2013,</strong> she danced as a soloist with the Igokat Company in &#8220;Give &amp; Take&#8221; at the Espace Culturel des Terreaux in Lausanne. </span></p>
<p class="tw-data-text tw-text-large tw-ta" dir="ltr" data-placeholder="Traduction"><span class="Y2IQFc" lang="en"><strong>In November 2013,</strong> she danced as a soloist with the Compagnie Octavio de la Roza in &#8220;Want to dance Gainsbourg&#8221; in Avignon (France). </span></p>
<p class="tw-data-text tw-text-large tw-ta" dir="ltr" data-placeholder="Traduction"><span class="Y2IQFc" lang="en"><strong>In December 2013,</strong> she danced as a soloist with the Igokat Company in excerpts from &#8220;Give &amp; Take&#8221; for the reopening of the Olympic Museum in Lausanne. </span></p>
<p class="tw-data-text tw-text-large tw-ta" dir="ltr" data-placeholder="Traduction"><span class="Y2IQFc" lang="en"><strong>In August 2014,</strong> she became an instructor for “Jeunesse &amp; Sport” Switzerland in the disciplines of gymnastics and dance. </span></p>
<p class="tw-data-text tw-text-large tw-ta" dir="ltr" data-placeholder="Traduction"><span class="Y2IQFc" lang="en"><strong>In October and November 2014,</strong> she danced as a soloist with the Igokat Company in &#8220;Vouloir c’est Pouvoir&#8221; at the Espace Culturel des Terreaux in Lausanne. </span></p>
<p class="tw-data-text tw-text-large tw-ta" dir="ltr" data-placeholder="Traduction"><span class="Y2IQFc" lang="en"><strong>In March 2015,</strong> she became an instructor for “Jeunesse &amp; Sport” Switzerland for children in the disciplines of gymnastics and dance. </span></p>
<p class="tw-data-text tw-text-large tw-ta" dir="ltr" data-placeholder="Traduction"><span class="Y2IQFc" lang="en"><strong>In October and November 2015,</strong> she danced as a soloist with the Igokat Company in &#8220;dansebook&#8221; at the Espace Culturel des Terreaux in Lausanne.</span></p>
</div>
<div id="tw-target-rmn-container" class="tw-target-rmn tw-ta-container F0azHf tw-nfl">
<p id="tw-target-text" class="tw-data-text tw-text-large tw-ta" dir="ltr" data-placeholder="Traduction"><span class="Y2IQFc" lang="en"><strong><br>In December 2015 and January 2016,</strong> she was hired as a dancer for the Opéra de Lausanne in &#8220;My Fair Lady&#8221;. </span></p>
<p class="tw-data-text tw-text-large tw-ta" dir="ltr" data-placeholder="Traduction"><span class="Y2IQFc" lang="en"><strong>In January 2016,</strong> she danced as a soloist with the Igokat Company in “dansebook” at the Théâtre de Colombier in Neuchâtel. </span></p>
<p class="tw-data-text tw-text-large tw-ta" dir="ltr" data-placeholder="Traduction"><span class="Y2IQFc" lang="en"><strong>In July 2016,</strong> she was soloist with the Comapgnie Octavio de la Roza in &#8220;Do you want to dance Gainsbourg&#8221; at the Festival off d&#8217;Avignon (France). </span></p>
<p class="tw-data-text tw-text-large tw-ta" dir="ltr" data-placeholder="Traduction"><span class="Y2IQFc" lang="en"><strong>In November 2016,</strong> she was a soloist with the Igokat Company in &#8220;Romeo seeks Juliet&#8221; at the Espace Culturel des Terreaux in Lausanne. </span></p>
<p class="tw-data-text tw-text-large tw-ta" dir="ltr" data-placeholder="Traduction"><span class="Y2IQFc" lang="en"><strong>In November 2017,</strong> she was a soloist with the Igokat Company in &#8220;Petrouchka&#8221; at the Espace Culturel des Terreaux in Lausanne. </span></p>
<p class="tw-data-text tw-text-large tw-ta" dir="ltr" data-placeholder="Traduction"><span class="Y2IQFc" lang="en"><strong>Since September 2018,</strong> she has been a soloist for the Croisières TUI Cruises &#8211; Mein Schiff shows. </span></p>
<p class="tw-data-text tw-text-large tw-ta" dir="ltr" data-placeholder="Traduction"><span class="Y2IQFc" lang="en"><strong>In September 2019,</strong> she participated in the Tedx Lausanne event where she choreographed and danced her own solo on the theme of limits at the Théâtre de l&#8217;Octogone in Lausanne. </span></p>
<p class="tw-data-text tw-text-large tw-ta" dir="ltr" data-placeholder="Traduction"><span class="Y2IQFc" lang="en"><strong>In September and October 2019,</strong> she danced with the company Etat de Corps in Paris in the show &#8220;Au fil de l&#8217;eau&#8221; choreographed by Julie Magneville and produced at the Geneva Arena. </span></p>
<p class="tw-data-text tw-text-large tw-ta" dir="ltr" data-placeholder="Traduction"><span class="Y2IQFc" lang="en"><strong>In March 2020,</strong> she was principal dancer with the Igokat Company in &#8220;The Wall&#8221; at the Espace Culturel des Terreaux in Lausanne. </span></p>
<p class="tw-data-text tw-text-large tw-ta" dir="ltr" data-placeholder="Traduction"><span class="Y2IQFc" lang="en"><strong>In October 2021,</strong> she was principal dancer with the Igokat Company in &#8220;L&#8217;Hymne à la Joie&#8221; at the Espace Culturel des Terreaux in Lausanne. </span></p>
<p class="tw-data-text tw-text-large tw-ta" dir="ltr" data-placeholder="Traduction"><strong><span class="Y2IQFc" lang="en">She is currently a dancer with the Compagnie Igokat, dancer, teacher and freelance choreographer.</span></strong></p>
</div>
</blockquote></p>
</div></div></div></div></div>
