{"id":4227,"date":"2021-12-29T16:24:34","date_gmt":"2021-12-29T15:24:34","guid":{"rendered":"https:\/\/igokat.com\/site\/company\/?page_id=4227"},"modified":"2021-12-29T16:24:34","modified_gmt":"2021-12-29T15:24:34","slug":"philia-maillardet-hery-2","status":"publish","type":"page","link":"https:\/\/igokat.com\/site\/company\/en\/philia-maillardet-hery-2\/","title":{"rendered":"Philia Maillardet-Hery"},"content":{"rendered":"<div class=\"fusion-fullwidth fullwidth-box fusion-builder-row-1 fusion-flex-container nonhundred-percent-fullwidth non-hundred-percent-height-scrolling\" style=\"--awb-border-radius-top-left:0px;--awb-border-radius-top-right:0px;--awb-border-radius-bottom-right:0px;--awb-border-radius-bottom-left:0px;--awb-flex-wrap:wrap;\" ><div class=\"fusion-builder-row fusion-row fusion-flex-align-items-flex-start fusion-flex-content-wrap\" style=\"max-width:1248px;margin-left: calc(-4% \/ 2 );margin-right: calc(-4% \/ 2 );\"><div class=\"fusion-layout-column fusion_builder_column fusion-builder-column-0 fusion_builder_column_1_1 1_1 fusion-flex-column\" style=\"--awb-bg-blend:overlay;--awb-bg-size:cover;--awb-width-large:100%;--awb-margin-top-large:0px;--awb-spacing-right-large:1.92%;--awb-margin-bottom-large:0px;--awb-spacing-left-large:1.92%;--awb-width-medium:100%;--awb-spacing-right-medium:1.92%;--awb-spacing-left-medium:1.92%;--awb-width-small:100%;--awb-spacing-right-small:1.92%;--awb-spacing-left-small:1.92%;\"><div class=\"fusion-column-wrapper fusion-flex-justify-content-flex-start fusion-content-layout-column\"><div class=\"fusion-text fusion-text-1 fusion-animated\" style=\"--awb-text-transform:none;\" data-animationType=\"fadeInLeft\" data-animationDuration=\"1.0\" data-animationOffset=\"top-into-view\"><blockquote class=\"wp-block-quote is-layout-flow wp-block-quote-is-layout-flow\">\n<p class=\"western\"><strong>Philia Maillardet-Hery<\/strong><span class=\"Y2IQFc\" lang=\"en\">\u00a0was born in 1982 in Besan\u00e7on, where she began classical dance at the age of 4. <\/span><\/p>\n<p class=\"western\"><span class=\"Y2IQFc\" lang=\"en\"><strong>From 1986 to 1994,<\/strong> she perfected at the Conservatory of Besan\u00e7on. <\/span><\/p>\n<p class=\"western\"><span class=\"Y2IQFc\" lang=\"en\"><strong>She continued her training<\/strong> as a young dancer at the Annie Billecard dance school in Besan\u00e7on from 1994 to 2000. <\/span><\/p>\n<p class=\"western\"><span class=\"Y2IQFc\" lang=\"en\"><strong>In 2001,<\/strong> she joined the Ballet Junior de Gen\u00e8ve, directed by Sean Wood and Patrice Delay, to benefit from professional training and perform on stage in works by choreographers such as Thierry Malandin, Ken Ossola, Foofwa d&#8217;Immobility, Kirsten Debrock and Sean Wood. <\/span><\/p>\n<p class=\"western\"><span class=\"Y2IQFc\" lang=\"en\"><strong>In 2003,<\/strong> she was hired by the Ballet du Grand Th\u00e9\u00e2tre de Gen\u00e8ve to dance pieces by John Neumeier, Davide Bombana, Benjamin Millepied, and Kader Belarbi. <\/span><\/p>\n<p class=\"western\"><span class=\"Y2IQFc\" lang=\"en\"><strong>Thereafter,<\/strong> Philia worked with several choreographers &amp; independent companies in Switzerland, including the company Igokat. She was also invited by Sylvie Giron to reassemble Dominique Bagouet&#8217;s &#8220;Small pieces from Berlin&#8221; from a score of Laban notation at the Ballet de Lorraine. <\/span><\/p>\n<p class=\"western\"><span class=\"Y2IQFc\" lang=\"en\"><strong>In 2010,<\/strong> she was hired by the company Alias \u200b\u200bto dance the piece Sideways Rain (choreography by Guilherme Botelho) in Switzerland then on tour around the world for almost 3 years. <\/span><\/p>\n<p class=\"western\"><span class=\"Y2IQFc\" lang=\"en\"><strong>At the end of 2012,<\/strong> Philia took the turn of professional retraining and dedicated herself to management in a design and communication office (Le Moigne Family Office) to express her creativity in a new form. <\/span><\/p>\n<p class=\"western\"><span class=\"Y2IQFc\" lang=\"en\"><strong>In March 2020,<\/strong> she returns to the stage, invited by the Igokat company for the creation The Wall at the Espace Culturel des Terreaux in Lausanne. <\/span><\/p>\n<p class=\"western\"><strong><span class=\"Y2IQFc\" lang=\"en\">She is currently a Freelance dancer.<\/span><\/strong><\/p>\n<p align=\"LEFT\">\n<\/blockquote>\n<\/div><\/div><\/div><\/div><\/div>","protected":false},"excerpt":{"rendered":"","protected":false},"author":1,"featured_media":0,"parent":0,"menu_order":0,"comment_status":"closed","ping_status":"closed","template":"100-width.php","meta":{"footnotes":""},"class_list":["post-4227","page","type-page","status-publish","hentry"],"_links":{"self":[{"href":"https:\/\/igokat.com\/site\/company\/wp-json\/wp\/v2\/pages\/4227","targetHints":{"allow":["GET"]}}],"collection":[{"href":"https:\/\/igokat.com\/site\/company\/wp-json\/wp\/v2\/pages"}],"about":[{"href":"https:\/\/igokat.com\/site\/company\/wp-json\/wp\/v2\/types\/page"}],"author":[{"embeddable":true,"href":"https:\/\/igokat.com\/site\/company\/wp-json\/wp\/v2\/users\/1"}],"replies":[{"embeddable":true,"href":"https:\/\/igokat.com\/site\/company\/wp-json\/wp\/v2\/comments?post=4227"}],"version-history":[{"count":1,"href":"https:\/\/igokat.com\/site\/company\/wp-json\/wp\/v2\/pages\/4227\/revisions"}],"predecessor-version":[{"id":4228,"href":"https:\/\/igokat.com\/site\/company\/wp-json\/wp\/v2\/pages\/4227\/revisions\/4228"}],"wp:attachment":[{"href":"https:\/\/igokat.com\/site\/company\/wp-json\/wp\/v2\/media?parent=4227"}],"curies":[{"name":"wp","href":"https:\/\/api.w.org\/{rel}","templated":true}]}}