{"id":4036,"date":"2021-10-27T19:56:09","date_gmt":"2021-10-27T17:56:09","guid":{"rendered":"https:\/\/igokat.com\/site\/?page_id=4036"},"modified":"2025-08-31T18:03:29","modified_gmt":"2025-08-31T16:03:29","slug":"classique-enfants","status":"publish","type":"page","link":"https:\/\/igokat.com\/site\/classique-enfants\/","title":{"rendered":"Classique Enfants"},"content":{"rendered":"<div class=\"fusion-fullwidth fullwidth-box fusion-builder-row-1 fusion-flex-container nonhundred-percent-fullwidth non-hundred-percent-height-scrolling\" style=\"--awb-border-radius-top-left:0px;--awb-border-radius-top-right:0px;--awb-border-radius-bottom-right:0px;--awb-border-radius-bottom-left:0px;--awb-margin-top:0px;--awb-flex-wrap:wrap;\" ><div class=\"fusion-builder-row fusion-row fusion-flex-align-items-flex-start fusion-flex-content-wrap\" style=\"max-width:1248px;margin-left: calc(-4% \/ 2 );margin-right: calc(-4% \/ 2 );\"><div class=\"fusion-layout-column fusion_builder_column fusion-builder-column-0 fusion_builder_column_1_1 1_1 fusion-flex-column\" style=\"--awb-bg-blend:overlay;--awb-bg-size:cover;--awb-width-large:100%;--awb-margin-top-large:0px;--awb-spacing-right-large:1.92%;--awb-margin-bottom-large:0px;--awb-spacing-left-large:1.92%;--awb-width-medium:100%;--awb-spacing-right-medium:1.92%;--awb-spacing-left-medium:1.92%;--awb-width-small:100%;--awb-spacing-right-small:1.92%;--awb-spacing-left-small:1.92%;\"><div class=\"fusion-column-wrapper fusion-flex-justify-content-flex-start fusion-content-layout-column\"><div class=\"fusion-text fusion-text-1\"><\/p>\n<blockquote class=\"wp-block-quote is-layout-flow wp-block-quote-is-layout-flow\">\n<p>Des cours dynamiques qui utilisent la p\u00e9dagogie de base de la \u201cRoyal Academy of Dance\u201d de Londres et la grande exp\u00e9rience professionnelle et p\u00e9dagogique d\u2019<u><\/u><u><\/u><u><\/u><u><\/u><a href=\"https:\/\/igokat.com\/site\/nos-professeurs\/\"><u><b> <\/b><\/u><u><\/u><u><b>Igor Piovano, Kathryn Bradney, Pasquale Alberico, Giuliano Cardone, Sarah Frassanito, Marie-H\u00e9l\u00e8ne Rey Lescure, Laura Smeak, Ilonna Tognetti, M\u00e9lina Br\u00e8<\/b><b>s, Margaux Mercier, Rachel Moore<\/b><\/u>:<\/a><\/p>\n<p><b>Nous vous proposons diff\u00e9rents niveaux:<\/b><br \/>Parent\/Enfant \u2013 \u00e0 partir de 2 ans<br \/>Baby Dance \u2013 \u00e0 partir de 3 ans<br \/>Pr\u00e9-Ballet \u2013 \u00e0 partir de 5 ans<br \/>Niveau I<br \/>Niveau II<br \/>Niveau III<br \/>Niveau IV<br \/>Niveau V<br \/>Initiation pointes \u2013 \u00e0 partir de 11 ans<br \/><strong>Guide de mes pointes <\/strong><\/p>\n<p>&nbsp;<\/p>\n<div class=\"fusion-alignleft\"><a class=\"fusion-button button-flat fusion-button-default-size button-default fusion-button-default button-1 fusion-button-default-span fusion-button-default-type fusion-animated\" data-animationType=\"fadeInLeft\" data-animationDuration=\"3.0\" data-animationOffset=\"top-into-view\" target=\"_self\" href=\"https:\/\/igokat.com\/site\/wp-content\/uploads\/2024\/08\/Guide-Pointes-2024-2025.pdf\"><i class=\"fa-binoculars fas awb-button__icon awb-button__icon--default button-icon-left\" aria-hidden=\"true\"><\/i><span class=\"fusion-button-text awb-button__text awb-button__text--default\">Cliquez ici<\/span><\/a><\/div>\n<p>&nbsp;<\/p>\n<p><span style=\"text-decoration: underline;\"><a href=\"https:\/\/igokat.com\/site\/programme-pre-professionnel-2\/\"><strong>Programme pr\u00e9-professionnel<\/strong><\/a><\/span> pour les Niveaux III, IV et V (d\u00e8s 10 ans)<\/p>\n<p><a href=\"https:\/\/igokat.com\/site\/horaires\/?fb-edit=1\"><u><b>HORAIRES<\/b><\/u><\/a><\/p>\n<p><b>Lundi<\/b><br \/>16h30-17h30 Niveau II (studio Misha) avec <a href=\"https:\/\/igokat.com\/site\/sarah-frassanito\/?fb-edit=1\"><u><b>Sarah Frassanito<\/b><\/u><\/a><br \/>16h30-18h00 Niveau V (studio B\u00e9jart) avec <a href=\"https:\/\/igokat.com\/site\/pasquale-alberico\/?fb-edit=1\"><u><b>Pasquale Alberico<\/b><\/u><\/a><br \/>16h30-17h30 Initiation pointes (studio Kniaseff) avec <b><u><a href=\"https:\/\/igokat.com\/site\/ilonna-tognetti\/\">Ilonna Tognetti<\/a><\/u><\/b><br \/>17h30-19h00 Niveau IV (studio Kniaseff) avec <b><u><a href=\"https:\/\/igokat.com\/site\/laura-smeak\/\">Laura Smeak<\/a><\/u><\/b><br \/>17h30-19h00 Niveau III + pointes (studio Misha) avec <a href=\"https:\/\/igokat.com\/site\/sarah-frassanito\/?fb-edit=1\"><u><b>Sarah Frassanito<\/b><\/u><\/a><\/p>\n<p><b>Mardi<\/b><br \/>16h15-17h00 Baby Dance (studio Misha) avec <a href=\"https:\/\/igokat.com\/site\/sarah-frassanito\/?fb-edit=1\"><u><b>Sarah Frassanito<\/b><\/u><\/a><br \/>16h30-18h00 Niveau IV\/V (studio B\u00e9jart) avec <a href=\"https:\/\/igokat.com\/site\/igor-piovano\/?fb-edit=1\"><u><b>Igor Piovano<\/b><\/u><\/a><br \/>16h30-17h30 Niveau I (studio Kniaseff) avec <b><u><a href=\"https:\/\/igokat.com\/site\/ilonna-tognetti\/\">Ilonna Tognetti<\/a><\/u><\/b><br \/>17h00-18h00 Pr\u00e9-ballet (studio Misha) avec <a href=\"https:\/\/igokat.com\/site\/sarah-frassanito\/?fb-edit=1\"><u><b>Sarah Frassanito<\/b><\/u><\/a><br \/>18h00-19h00 Niveau II\/III (studio Misha) avec <a href=\"https:\/\/igokat.com\/site\/sarah-frassanito\/?fb-edit=1\"><u><b>Sarah Frassanito<\/b><\/u><\/a><\/p>\n<p><b>Mercredi<\/b><br \/>13h30-14h15 Baby Dance (studio Misha) avec <a href=\"https:\/\/igokat.com\/site\/marie-helene-rey-lescure\/?fb-edit=1\"><u><b>Marie-H\u00e9l\u00e8ne Rey Lescure<\/b><\/u><\/a><br \/>13h30-14h30 Pr\u00e9-ballet Enfants (studio Kniaseff) avec <b><u><a href=\"https:\/\/igokat.com\/site\/margaux-mercier\/\">Margaux Mercier<\/a><\/u><\/b><br \/>13h30-14h30 Stretching Enfants (studio B\u00e9jart) avec <b><u><a href=\"https:\/\/igokat.com\/site\/rachel-moore\/\">Rachel Moore<\/a><\/u><\/b><br \/>14h30-15h30 Pr\u00e9-ballet Enfants (studio B\u00e9jart) avec <b><u><a href=\"https:\/\/igokat.com\/site\/rachel-moore\/\">Rachel Moore<\/a><\/u><\/b><br \/>14h30-15h30 Niveau I (studio Kniaseff) avec <a href=\"https:\/\/igokat.com\/site\/marie-helene-rey-lescure\/?fb-edit=1\"><u><b>Marie-H\u00e9l\u00e8ne Rey Lescure<\/b><\/u><\/a><br \/>14h30-15h30 Niveau I (studio Misha) avec <a href=\"https:\/\/igokat.com\/site\/ilonna-tognetti\/\"><u><b>Ilonna Tognetti<\/b><\/u><\/a><br \/>15h30-16h30 Pr\u00e9-Ballet (studio Misha) avec <a href=\"https:\/\/igokat.com\/site\/marie-helene-rey-lescure\/?fb-edit=1\"><u><b>Marie-H\u00e9l\u00e8ne Rey Lescure<\/b><\/u><\/a><br \/>15h30-16h30 Niveau II (studio B\u00e9jart) avec <b><u><a href=\"https:\/\/igokat.com\/site\/margaux-mercier\/\">Margaux Mercier<\/a><\/u><\/b><br \/>16h30-17h30 Niveau I (studio Misha) avec <b><u><a href=\"https:\/\/igokat.com\/site\/rachel-moore\/\">Rachel Moore<\/a><\/u><\/b><br \/>16h30-17h30 Niveau II (studio Kniaseff) avec <a href=\"https:\/\/igokat.com\/site\/marie-helene-rey-lescure\/?fb-edit=1\"><u><b>Marie-H\u00e9l\u00e8ne Rey Lescure<\/b><\/u><\/a><br \/>16h30-18h00 Niveau III (studio B\u00e9jart) avec <b><a href=\"https:\/\/igokat.com\/site\/pasquale-alberico\/\"><u>Pasquale Alberico<\/u><\/a><\/b><br \/>17h30-19h00 Niveau IV-V + pointes (studio Kniaseff) avec <a href=\"https:\/\/igokat.com\/site\/kathryn-bradney\/?fb-edit=1\"><u><b>Kathryn Bradney<\/b><\/u><\/a><br \/>18h30-19h30 Initiation pointes enfants (studio Misha) avec <a href=\"https:\/\/igokat.com\/site\/marie-helene-rey-lescure\/?fb-edit=1\"><u><b>Marie-H\u00e9l\u00e8ne Rey Lescure<\/b><\/u><\/a><\/p>\n<p><b>Jeudi<\/b><br \/>16h15-17h00 Baby Dance (studio Misha) avec <a href=\"https:\/\/igokat.com\/site\/melina-bres\/\"><u><b>M\u00e9lina Br\u00e8s<\/b><\/u><\/a><br \/>16h30-18h00 Niveau V + pointes (studio B\u00e9jart) avec <a href=\"https:\/\/igokat.com\/site\/kathryn-bradney\/?fb-edit=1\"><u><b>Kathryn Bradney<\/b><\/u><\/a><br \/>16h30-18h00 Niveau III\/IV + pointes (studio Kniaseff) avec <b><u><a href=\"https:\/\/igokat.com\/site\/ilonna-tognetti\/\">Ilonna Tognetti<\/a><\/u><\/b><br \/>17h00-18h00 Niveau I (studio Misha) avec <a href=\"https:\/\/igokat.com\/site\/melina-bres\/\"><u><b>M\u00e9lina Br\u00e8s<\/b><\/u><\/a><br \/>18h00-19h00 Niveau II\/III (studio Kniaseff) avec <a href=\"https:\/\/igokat.com\/site\/laura-smeak\/?fb-edit=1\"><u><b>Laura Smeak<\/b><\/u><\/a><\/p>\n<p><b>Vendredi<\/b><br \/>16h30-18h00 Niveau V (studio Kniaseff) avec <a href=\"https:\/\/igokat.com\/site\/igor-piovano\/?fb-edit=1\"><u><b>Igor Piovano<\/b><\/u><\/a><br \/>16h30-18h00 Niveau IV + pointes\/variations (studio B\u00e9jart ) avec <b><u><a href=\"https:\/\/igokat.com\/site\/laura-smeak\/\">Laura Smeak<\/a><\/u><\/b><br \/>16h30-17h30 Niveau I (studio Misha) avec <a href=\"https:\/\/igokat.com\/site\/marie-helene-rey-lescure\/?fb-edit=1\"><u><b>Marie-H\u00e9l\u00e8ne Rey Lescure<\/b><\/u><\/a><br \/>17h30-19h00 Niveau III (studio Misha) avec <a href=\"https:\/\/igokat.com\/site\/marie-helene-rey-lescure\/?fb-edit=1\"><u><b>Marie-H\u00e9l\u00e8ne Rey Lescure<\/b><\/u><\/a><br \/>18h00-19h00 Pas de deux\/variations Niveau V (studio Kniaseff) avec <a href=\"https:\/\/igokat.com\/site\/kathryn-bradney\/?fb-edit=1\"><u><b>Kathryn Bradney<\/b><\/u><\/a><b><u><\/u><\/b><\/p>\n<p><b>Samedi<\/b><br \/>11h00-11h45 Parent\/Enfant (studio B\u00e9jart) avec <a href=\"https:\/\/igokat.com\/site\/melina-bres\/\"><u><b>M\u00e9lina Br\u00e8s<\/b><\/u><\/a><\/p>\n<p><a href=\"https:\/\/igokat.com\/site\/nos-prix\/\" target=\"\" rel=\"noopener\"><u><b>NOS PRIX<\/b><\/u><\/a><\/p>\n<p>&nbsp;<\/p>\n<p>&nbsp;<\/p>\n<div class=\"fusion-alignleft\"><a class=\"fusion-button button-flat fusion-button-default-size button-default fusion-button-default button-2 fusion-button-default-span fusion-button-default-type fusion-animated\" data-animationType=\"fadeInLeft\" data-animationDuration=\"3.0\" data-animationOffset=\"top-into-view\" target=\"_self\" href=\"https:\/\/igokat.com\/site\/nos-prix\/\"><i class=\"fa-binoculars fas awb-button__icon awb-button__icon--default button-icon-left\" aria-hidden=\"true\"><\/i><span class=\"fusion-button-text awb-button__text awb-button__text--default\">Cliquez ici<\/span><\/a><\/div>\n<p>&nbsp;<\/p>\n<p>Un <a href=\"https:\/\/igokat.com\/site\/cours-dessai\/?fb-edit=1\"><u><b>cours d\u2019essai <\/b><\/u><\/a>est propos\u00e9 pour d\u00e9terminer le niveau.<\/p>\n<p>FORFAIT PR\u00c9-PROFESSIONNEL (min. 10 heures\/sem.) 310.-fr.<\/p>\n<p>Paiement trimestriel (septembre, d\u00e9cembre et mars)<\/p>\n<\/blockquote>\n<\/div><\/div><\/div><\/div><\/div>","protected":false},"excerpt":{"rendered":"","protected":false},"author":1,"featured_media":0,"parent":0,"menu_order":0,"comment_status":"closed","ping_status":"closed","template":"100-width.php","meta":{"footnotes":""},"class_list":["post-4036","page","type-page","status-publish","hentry"],"_links":{"self":[{"href":"https:\/\/igokat.com\/site\/wp-json\/wp\/v2\/pages\/4036","targetHints":{"allow":["GET"]}}],"collection":[{"href":"https:\/\/igokat.com\/site\/wp-json\/wp\/v2\/pages"}],"about":[{"href":"https:\/\/igokat.com\/site\/wp-json\/wp\/v2\/types\/page"}],"author":[{"embeddable":true,"href":"https:\/\/igokat.com\/site\/wp-json\/wp\/v2\/users\/1"}],"replies":[{"embeddable":true,"href":"https:\/\/igokat.com\/site\/wp-json\/wp\/v2\/comments?post=4036"}],"version-history":[{"count":41,"href":"https:\/\/igokat.com\/site\/wp-json\/wp\/v2\/pages\/4036\/revisions"}],"predecessor-version":[{"id":9759,"href":"https:\/\/igokat.com\/site\/wp-json\/wp\/v2\/pages\/4036\/revisions\/9759"}],"wp:attachment":[{"href":"https:\/\/igokat.com\/site\/wp-json\/wp\/v2\/media?parent=4036"}],"curies":[{"name":"wp","href":"https:\/\/api.w.org\/{rel}","templated":true}]}}