{"id":9613,"date":"2025-07-28T11:14:31","date_gmt":"2025-07-28T09:14:31","guid":{"rendered":"https:\/\/igokat.com\/site\/?page_id=9613"},"modified":"2025-09-28T16:09:14","modified_gmt":"2025-09-28T14:09:14","slug":"fiche-dinscription","status":"publish","type":"page","link":"https:\/\/igokat.com\/site\/fiche-dinscription\/","title":{"rendered":"Fiche d&#8217;inscription"},"content":{"rendered":"<p><div class=\"fusion-fullwidth fullwidth-box fusion-builder-row-1 fusion-flex-container fusion-parallax-none nonhundred-percent-fullwidth non-hundred-percent-height-scrolling\" style=\"--awb-background-blend-mode:overlay;--awb-border-sizes-top:0px;--awb-border-sizes-bottom:0px;--awb-border-sizes-left:0px;--awb-border-sizes-right:0px;--awb-border-radius-top-left:0px;--awb-border-radius-top-right:0px;--awb-border-radius-bottom-right:0px;--awb-border-radius-bottom-left:0px;--awb-padding-top:72px;--awb-padding-bottom:0px;--awb-margin-bottom:20px;--awb-background-color:rgba(10,19,35,0.15);--awb-background-image:url(&quot;https:\/\/igokat.com\/site\/wp-content\/uploads\/2025\/07\/Fiche-dinscription--1024x501.jpg&quot;);--awb-background-size:cover;--awb-flex-wrap:wrap;\" ><div class=\"fusion-builder-row fusion-row fusion-flex-align-items-flex-start fusion-flex-content-wrap\" style=\"max-width:1248px;margin-left: calc(-4% \/ 2 );margin-right: calc(-4% \/ 2 );\"><div class=\"fusion-layout-column fusion_builder_column fusion-builder-column-0 fusion_builder_column_1_1 1_1 fusion-flex-column fusion-flex-align-self-flex-start fusion-column-no-min-height\" style=\"--awb-bg-blend:overlay;--awb-bg-size:cover;--awb-width-large:100%;--awb-margin-top-large:0px;--awb-spacing-right-large:1.92%;--awb-margin-bottom-large:0px;--awb-spacing-left-large:1.92%;--awb-width-medium:100%;--awb-spacing-right-medium:1.92%;--awb-spacing-left-medium:1.92%;--awb-width-small:100%;--awb-spacing-right-small:1.92%;--awb-spacing-left-small:1.92%;\"><div class=\"fusion-column-wrapper fusion-flex-justify-content-flex-start fusion-content-layout-column\"><div class=\"fusion-separator fusion-no-small-visibility fusion-no-medium-visibility fusion-full-width-sep\" style=\"align-self: center;margin-left: auto;margin-right: auto;margin-top:120px;width:100%;\"><\/div><div class=\"fusion-title title fusion-title-1 fusion-sep-none fusion-title-center fusion-title-text fusion-title-size-one\" style=\"--awb-text-color:#ffffff;--awb-margin-top-small:10px;--awb-margin-right-small:0px;--awb-margin-bottom-small:10px;--awb-margin-left-small:0px;\"><h1 class=\"fusion-title-heading title-heading-center\" style=\"margin:0;\"><\/h1><\/div><div class=\"fusion-separator fusion-full-width-sep\" style=\"align-self: center;margin-left: auto;margin-right: auto;margin-top:15px;width:100%;\"><\/div><div class=\"fusion-separator fusion-no-medium-visibility fusion-no-large-visibility fusion-full-width-sep\" style=\"align-self: center;margin-left: auto;margin-right: auto;margin-top:40px;width:100%;\"><\/div><div class=\"fusion-section-separator section-separator waves-opacity fusion-section-separator-1\" style=\"--awb-spacer-padding-top:21.09375%;--awb-svg-margin-left:1.92%;--awb-svg-margin-right:1.92%;--awb-svg-margin-left-medium:1.92%;--awb-svg-margin-right-medium:1.92%;--awb-svg-margin-left-small:1.92%;--awb-svg-margin-right-small:1.92%;--awb-sep-font-size:0;--awb-sep-line-height:0;\"><div class=\"fusion-section-separator-svg\"><svg class=\"fusion-waves-opacity-candy\" xmlns=\"http:\/\/www.w3.org\/2000\/svg\" version=\"1.1\" width=\"100%\" viewBox=\"0 0 1024 216\" preserveAspectRatio=\"none\" fill=\"rgba(255,255,255,1)\"><path class=\"st0\" d=\"M0 216.068h1024l.1-105.2c-14.6-3.2-30.2-5.8-47.1-7.6-178.6-19.6-279.5 56.8-464.3 41.3-206.5-17.2-248.4-128.8-455-143.8-19-1.3-38.3-.2-57.7.3v215z\"\/>\n\t\t\t\t\t\t\t\t\t\t<path class=\"st1\" d=\"M0 20.068v196.144h1024v-79.744c-22.7-6.4-47.9-11.4-76.2-14.6-178.6-19.8-272.2 53.9-457.1 38.4-206.6-17.2-197.3-124.7-403.9-139.8-27.2-2-56.6-2-86.8-.4z\"\/>\n\t\t\t\t\t\t\t\t\t\t<path class=\"st2\" d=\"M0 216.212h1024v-35.744c-45.1-15.4-95.2-27.7-150-33.7-178.6-19.8-220.6 46.8-405.4 31.3-206.6-17.2-197.8-114.7-404.4-129.7-20.4-1.5-42-2-64.2-1.7v169.544z\"\/>\n\t\t\t\t\t\t\t\t\t\t<path class=\"st3\" d=\"M0 216.312h1024v-3.044c-50.8-17.1-108.7-30.7-172.7-37.9-178.6-19.8-220 36.8-404.9 21.3-206.6-17.2-228-126.5-434.5-141.6-3.9-.3-7.9-.5-11.9-.7v161.944z\"\/>\n\t\t\t\t\t\t\t\t\t<\/svg><\/div><div class=\"fusion-section-separator-spacer\"><div class=\"fusion-section-separator-spacer-height\"><\/div><\/div><\/div><\/div><\/div><\/div><\/div><div class=\"fusion-fullwidth fullwidth-box fusion-builder-row-2 fusion-flex-container nonhundred-percent-fullwidth non-hundred-percent-height-scrolling\" style=\"--awb-border-radius-top-left:0px;--awb-border-radius-top-right:0px;--awb-border-radius-bottom-right:0px;--awb-border-radius-bottom-left:0px;--awb-flex-wrap:wrap;\" ><div class=\"fusion-builder-row fusion-row fusion-flex-align-items-flex-start fusion-flex-content-wrap\" style=\"max-width:1248px;margin-left: calc(-4% \/ 2 );margin-right: calc(-4% \/ 2 );\"><div class=\"fusion-layout-column fusion_builder_column fusion-builder-column-1 fusion_builder_column_1_1 1_1 fusion-flex-column\" style=\"--awb-bg-blend:overlay;--awb-bg-size:cover;--awb-width-large:100%;--awb-margin-top-large:0px;--awb-spacing-right-large:1.92%;--awb-margin-bottom-large:0px;--awb-spacing-left-large:1.92%;--awb-width-medium:100%;--awb-spacing-right-medium:1.92%;--awb-spacing-left-medium:1.92%;--awb-width-small:100%;--awb-spacing-right-small:1.92%;--awb-spacing-left-small:1.92%;\"><div class=\"fusion-column-wrapper fusion-flex-justify-content-flex-start fusion-content-layout-column\"><div class=\"fusion-text fusion-text-1\"><\/p>\n<blockquote class=\"wp-block-quote is-layout-flow wp-block-quote-is-layout-flow\">\n<p><strong>L&#8217;inscription \u00e0 l&#8217;Acad\u00e9mie de danse Igokat<\/strong> se fait en compl\u00e9tant et en retournant la fiche d&#8217;inscription ci-dessous.<\/p>\n<p>&nbsp;<\/p>\n<p>&nbsp;<\/p>\n<div class=\"fusion-alignleft\"><a class=\"fusion-button button-flat fusion-button-default-size button-default fusion-button-default button-1 fusion-button-default-span fusion-button-default-type\" target=\"_self\" href=\"https:\/\/igokat.com\/site\/wp-content\/uploads\/2025\/09\/FICHE-INSCRIPTION-Igokat-2025-2026.pdf\"><span class=\"fusion-button-text awb-button__text awb-button__text--default\">Fiche d&#8217;inscription<\/span><\/a><\/div>\n<p>&nbsp;<\/p>\n<p>&nbsp;<\/p>\n<p><span style=\"letter-spacing: 0.24px;\">\u00a0<\/span><\/p>\n<p><span style=\"letter-spacing: 0.24px;\"><br \/>Suite \u00e0 la r\u00e9ception de la fiche d&#8217;inscription vous serez inscrit dans l&#8217;Acad\u00e9mie pour l&#8217;ann\u00e9e scolaire en cours.<\/span><\/p>\n<p>&nbsp;<\/p>\n<p><strong>Pour les cours destin\u00e9s aux adultes, il n&#8217;y a aucun engagement fixe.<\/strong><br \/>Vous ne payez que les cours que vous suivez et vous choisissez votre forfait chaque mois, en toute libert\u00e9.<\/p>\n<p><strong>Les cours se paient au d\u00e9but de chaque mois<\/strong>, soit avec le forfait au mois (95.- fr. pour un cours par semaine) soit<br \/>avec les cours \u00e0 l&#8217;unit\u00e9 : 30.- fr. le cours.<\/p>\n<p><strong>Les frais d&#8217;inscription<\/strong> sont payables une fois par ann\u00e9e scolaire : 20.- fr.<\/p>\n<p><strong>Le forfait au mois est valable<\/strong> du 1er au dernier jour du mois.<\/p>\n<p><strong>Nous n&#8217;envoyons pas de facture \u00e0 la maison<\/strong> sauf en cas de non paiement dans les d\u00e9lais demand\u00e9s, c&#8217;est \u00e0 vous de<br \/>g\u00e9rer vos paiements selon ce que vous d\u00e9sirez suivre comme cours durant le mois, si vous ne venez pas durant un<br \/>mois ou plus, vous ne devez pas payer les cours, nous vous demandons juste de nous envoyer un mail pour nous<br \/>avertir de votre absence.<\/p>\n<p><strong>Si durant un mois vous ne pouvez pas prendre tous les cours<\/strong>, vous pouvez payer vos cours \u00e0 l&#8217;unit\u00e9 : 30.- fr. le cours<\/p>\n<p><strong>Lorsque vous manquez un cours<\/strong>, vous avez la possibilit\u00e9 de r\u00e9cup\u00e9rer ce cours dans le mois en cours<br \/>(du premier au dernier jour du mois).<\/p>\n<p><strong>Lorsqu&#8217;il y a 5 semaines dans le mois<\/strong>, le 5\u00e8me cours est offert <strong>mais celui-ci n&#8217;est pas rattrapable<\/strong><\/p>\n<p><strong>Vous pouvez r\u00e9silier votre inscription<\/strong> \u00e0 la fin de chaque mois (septembre \u00e0 juin)<\/p>\n<p><strong>Vous trouverez toutes les informations sur notre site internet : www.igokat.com<\/strong><\/p>\n<\/blockquote>\n<\/div><\/div><\/div><\/div><\/div><\/p>","protected":false},"excerpt":{"rendered":"","protected":false},"author":1,"featured_media":0,"parent":0,"menu_order":0,"comment_status":"closed","ping_status":"closed","template":"100-width.php","meta":{"footnotes":""},"class_list":["post-9613","page","type-page","status-publish","hentry"],"_links":{"self":[{"href":"https:\/\/igokat.com\/site\/wp-json\/wp\/v2\/pages\/9613","targetHints":{"allow":["GET"]}}],"collection":[{"href":"https:\/\/igokat.com\/site\/wp-json\/wp\/v2\/pages"}],"about":[{"href":"https:\/\/igokat.com\/site\/wp-json\/wp\/v2\/types\/page"}],"author":[{"embeddable":true,"href":"https:\/\/igokat.com\/site\/wp-json\/wp\/v2\/users\/1"}],"replies":[{"embeddable":true,"href":"https:\/\/igokat.com\/site\/wp-json\/wp\/v2\/comments?post=9613"}],"version-history":[{"count":12,"href":"https:\/\/igokat.com\/site\/wp-json\/wp\/v2\/pages\/9613\/revisions"}],"predecessor-version":[{"id":9860,"href":"https:\/\/igokat.com\/site\/wp-json\/wp\/v2\/pages\/9613\/revisions\/9860"}],"wp:attachment":[{"href":"https:\/\/igokat.com\/site\/wp-json\/wp\/v2\/media?parent=9613"}],"curies":[{"name":"wp","href":"https:\/\/api.w.org\/{rel}","templated":true}]}}